f 200453377?
71, 2823287
What are the prime factors of 123107517?
3, 13, 19, 79, 701
What are the prime factors of 15118389?
3, 11, 13, 17, 691
What are the prime factors of 39536593?
39536593
List the prime factors of 58630291.
47, 1247453
List the prime factors of 309301479.
3, 34366831
What are the prime factors of 52744051?
31, 607, 2803
List the prime factors of 4721801706.
2, 3, 43, 6100519
What are the prime factors of 14228539?
13, 53, 107, 193
What are the prime factors of 61018307?
7, 67, 281, 463
What are the prime factors of 1654108345?
5, 6701, 49369
List the prime factors of 58166971.
283, 205537
List the prime factors of 149305415.
5, 7, 317, 13457
List the prime factors of 33188769.
3, 79, 46679
What are the prime factors of 363967915?
5, 113, 644191
What are the prime factors of 363417141?
3, 73, 971, 1709
List the prime factors of 409762936.
2, 11, 4656397
What are the prime factors of 356599788?
2, 3, 151, 196799
List the prime factors of 82107157.
11, 383, 19489
What are the prime factors of 211049635?
5, 4903, 8609
What are the prime factors of 106493304?
2, 3, 17, 261013
List the prime factors of 548573574.
2, 3, 2437, 37517
List the prime factors of 43188020.
2, 5, 23, 93887
List the prime factors of 1363953957.
3, 97, 113, 41479
What are the prime factors of 287227758?
2, 3, 47871293
List the prime factors of 1076158.
2, 538079
List the prime factors of 1096379105.
5, 47, 281, 16603
List the prime factors of 281433818.
2, 140716909
What are the prime factors of 3765311059?
11813, 318743
List the prime factors of 405893324.
2, 101473331
List the prime factors of 190978613.
7, 4721, 5779
List the prime factors of 1090316965.
5, 31, 226913
What are the prime factors of 765342105?
3, 5, 11, 31, 149627
List the prime factors of 21667664.
2, 1354229
What are the prime factors of 78466677?
3, 37, 706907
List the prime factors of 359963570.
2, 5, 23, 1565059
List the prime factors of 249692086.
2, 7, 17835149
List the prime factors of 2768107908.
2, 3, 397, 581047
List the prime factors of 340598183.
239, 1425097
List the prime factors of 6207775080.
2, 3, 5, 13, 17, 149, 1571
List the prime factors of 74615304.
2, 3, 457, 6803
List the prime factors of 126765595.
5, 11, 73, 31573
List the prime factors of 72417905.
5, 7, 311, 6653
What are the prime factors of 270782106?
2, 3, 7, 29, 222317
List the prime factors of 7868472.
2, 3, 327853
What are the prime factors of 2327073536?
2, 9090131
List the prime factors of 2554991.
2554991
What are the prime factors of 30471665?
5, 7, 23, 37853
List the prime factors of 278238596.
2, 69559649
List the prime factors of 1022631472.
2, 31, 2061757
What are the prime factors of 2035837414?
2, 13, 17, 4605967
What are the prime factors of 106997735?
5, 13, 167, 9857
List the prime factors of 3074294474.
2, 59, 3613, 7211
What are the prime factors of 833292697?
1523, 547139
List the prime factors of 449948812.
2, 157, 716479
List the prime factors of 49432662.
2, 3, 31, 88589
List the prime factors of 295409080.
2, 5, 29, 254663
List the prime factors of 1330393168.
2, 13, 43, 148747
List the prime factors of 172397360.
2, 5, 2154967
List the prime factors of 73261931.
73261931
List the prime factors of 15209793.
3, 277, 6101
List the prime factors of 6605958650.
2, 5, 877, 150649
What are the prime factors of 22518267?
3, 7506089
List the prime factors of 662540925.
3, 5, 19, 464941
List the prime factors of 1698868389.
3, 23, 24621281
List the prime factors of 3204301484.
2, 31, 967, 26723
What are the prime factors of 39090034?
2, 461, 42397
What are the prime factors of 345063886?
2, 139, 277, 4481
What are the prime factors of 977753945?
5, 7, 27935827
What are the prime factors of 19953673?
23, 331, 2621
List the prime factors of 386168038.
2, 37, 5218487
List the prime factors of 1396850534.
2, 641, 673, 1619
What are the prime factors of 9518734?
2, 19, 23, 10891
List the prime factors of 42692010.
2, 3, 5, 1423067
What are the prime factors of 58549819?
17, 3444107
List the prime factors of 592680127.
13, 3506983
What are the prime factors of 560834125?
5, 4486673
List the prime factors of 42725627.
7, 349, 17489
List the prime factors of 2211395616.
2, 3, 1061, 7237
List the prime factors of 1565089773.
3, 13, 311, 129037
List the prime factors of 2790576496.
2, 47, 3710873
List the prime factors of 100513708.
2, 25128427
List the prime factors of 332888183.
83, 4010701
What are the prime factors of 1444392374?
2, 227, 3181481
List the prime factors of 307961657.
31, 43, 103, 2243
What are the prime factors of 319391064?
2, 3, 19, 23, 10151
What are the prime factors of 135456514?
2, 199, 211, 1613
List the prime factors of 5716101253.
31, 859, 214657
List the prime factors of 4901218053.
3, 32531, 50221
List the prime factors of 470887476.
2, 3, 937, 41879
List the prime factors of 642747901.
642747901
What are the prime factors of 30021469?
73, 411253
List the prime factors of 967011689.
7, 103, 1341209
List the prime factors of 15711048.
2, 3, 31, 7039
List the prime factors of 36225163.
13, 2786551
List the prime factors of 2722335473.
11, 13, 29, 656459
List the prime factors of 108877272.
2, 3, 7, 648079
What are the prime factors of 180554043?
3, 37, 1626613
List the prime factors of 443883668.
2, 17, 31, 43, 59, 83
List the prime factors of 193892914.
2, 5347, 18131
What are the prime factors of 22459528?
2, 7, 13, 30851
What are the prime factors of 13581899?
13581899
List the prime factors of 424794531.
3, 7, 20228311
List the prime factors of 133093899.
3, 14788211
List the prime factors of 656815150.
2, 5, 13136303
What are the prime factors of 1431948?
2, 3, 7, 17047
What are the prime factors of 35048144?
2, 541, 4049
List the prime factors of 685995316.
2, 11393, 15053
List the prime factors of 98424824.
2, 12303103
List the prime factors of 107582917.
13, 149, 55541
List the prime factors of 3985055.
5, 17, 173, 271
What are the prime factors of 945913039?
29, 32617691
List the prime factors of 221382428.
2, 73, 758159
List the prime factors of 14971496.
2, 1871437
What are the prime factors of 80446276?
2, 20111569
What are the prime factors of 7867436392?
2, 17, 37, 1563481
List the prime factors of 93922962.
2, 3, 7, 2236261
What are the prime factors of 97473696?
2, 3, 317, 3203
What are the prime factors of 1017105179?
1017105179
What are the prime factors of 64291346?
2, 7, 223, 20593
What are the prime factors of 33496288?
2, 7, 229, 653
List the prime factors of 271675398.
2, 3, 131, 345643
What are the prime factors of 4444593286?
2, 7, 1993, 159293
What are the prime factors of 2878963?
127, 22669
What are the prime factors of 338517119?
338517119
What are the prime factors of 4228585102?
2, 7, 41, 7366873
List the prime factors of 722223760.
2, 5, 1123, 8039
List the prime factors of 11666069.
1789, 6521
List the prime factors of 312494705.
5, 2383, 26227
List the prime factors of 1219645545.
3, 5, 81309703
What are the prime factors of 28859713?
379, 76147
List the prime factors of 3670547217.
3, 79, 15487541
List the prime factors of 1981261707.
3, 660420569
List the prime factors of 724739133.
3, 1381, 174931
What are the prime factors of 8310959?
8310959
What are the prime factors of 28170670?
2, 5, 11, 71, 3607
List the prime factors of 54674914.
2, 7, 3905351
What are the prime factors of 733262711?
733262711
What are the prime factors of 1074981434?
2, 17, 31617101
What are the prime factors of 108481726?
2, 17, 173, 18443
What are the prime factors of 155974872?
2, 3, 179, 36307
List the prime factors of 4473085616.
2, 1427, 195913
What are the prime factors of 1361706531?
3, 619, 733283
What are the prime factors of 3425827597?
29983, 114259
What are the prime factors of 1084189566?
2, 3, 433, 417317
What are the prime factors of 566580590?
2, 5, 17, 3332827
List the prime factors of 822426134.
2, 19, 23, 41, 59, 389
List the prime factors of 86085264.
2, 3, 31, 57853
List the prime factors of 102966946.
2, 51483473
List the prime factors of 53113591.
53113591
List the prime factors of 2681572475.
5, 107, 1002457
List the prime factors of 1800491502.
2, 3, 2063, 145459
What are the prime factors of 42622394?
2, 1213, 17569
List the prime f